= t - -33. Is j/(-36) - 39905/(-45) composite?
False
Is 264/12 + 18129 - 12/(-2) a prime number?
False
Let a(v) = -6*v + 1. Let d be a(1). Let c be 2/(-6) + (12130/3)/d. Let w = -495 - c. Is w a composite number?
True
Let o(p) be the first derivative of 218*p**3/3 + p**2/2 - p + 73. Is o(-6) prime?
True
Suppose 2*u + 182976 = 2*t, 2244*t = 2241*t + u + 274474. Is t composite?
False
Let b = -22043 + -8829. Is (0 - -1)/((-8)/b) a composite number?
True
Suppose 4*m = 4 + 12. Suppose -m*o - 55 = 4*t - 7*t, 5*o + 63 = -2*t. Let f(s) = s**2 + 12*s - 2. Is f(o) composite?
False
Suppose 0 = -4*d + 1 + 3. Let m(l) = 288*l**2 + 3*l - 6. Let b(r) = 5*r**2 - 1. Let k(g) = -4*b(g) + m(g). Is k(d) a composite number?
False
Suppose 543754 = 3*z - 5*q, -5*z - 5*q + 362461 = -3*z. Is z a prime number?
True
Is 1/(-1 - 821280/(-821265)) composite?
False
Let l be (6/(-4))/(6/(-16)). Suppose -2*j = -l, -4*m + 4*j + 3 + 1 = 0. Is (-6)/(-4)*1366/m a prime number?
True
Let r be (-2 + 1)/((-48320)/(-16108) + -3). Suppose -3*h = -2*h - r. Let v = h + -2528. Is v a composite number?
False
Suppose -2*d = 5*r + 6, -2*d + 12 = -r + 3*d. Let q be (-18)/(3/(-3)) - r. Suppose -q = 3*m - 131. Is m composite?
False
Let s(q) = -169*q**3 - 5*q**2 - 22*q - 89. Is s(-6) a composite number?
True
Suppose -4*c + 51088 = -6368. Let y = c + -7577. Is y a prime number?
False
Suppose 2*x - 257178 = z, -474*z = -478*z. Is x a composite number?
True
Let f = 1691515 + -187632. Is f composite?
False
Suppose -3*z + 3*r = 5*r - 22908, 4*r = -4*z + 30540. Let p = -52 + z. Suppose -4*b = -2*b - p. Is b a composite number?
False
Suppose 0 = 10*i + 5*i - 73320. Let p = -897 + i. Is p a prime number?
False
Suppose 52*c = 46*c. Suppose 14*p + 6689 - 30615 = c. Is p a prime number?
True
Let z be (6/(-5))/(18/(-60)) - 2. Suppose 7825 = 5*o - 5*y, -4*o - 2*y = -z*o - 3114. Suppose h + o = 8*h. Is h a prime number?
True
Suppose -7*s = 13*s - 735080. Is ((-15)/(-6) + -1)*s/51 a composite number?
True
Let x(a) = -1 - 96*a + 33*a - 7. Let f be (15/(-18))/((-14)/(-84)). Is x(f) prime?
True
Let j be (-2 - (-17)/(-1))/(2/(-30)). Let i = j - 158. Is i/(-2)*(-7 - -5)*1 a prime number?
True
Suppose -19*t - 103848 = 206536. Let p = t - -28587. Is p composite?
False
Is (-24 - (-51334236)/234) + 42/(-39) + 1 a composite number?
False
Let s = -221871 + 540394. Is s prime?
True
Let d be (-14)/(217/(-93) + (-1)/(-3)). Let j(c) be the third derivative of c**5/60 - c**4/12 + 4*c**3/3 + c**2. Is j(d) a prime number?
True
Let x be (-156226)/(-28)*(-3 + 1). Let r = x + 15669. Is (1/2)/(3 + (-13525)/r) prime?
False
Let w(h) = 2*h**2 + 59*h - 7. Let b be w(-30). Let k be ((-5)/2)/((-3)/12). Let d = k + b. Is d a prime number?
False
Suppose 4*u - 2*v = 133818, 3*u = -v + 23762 + 76614. Is u composite?
False
Let i(g) = -1782*g + 949. Is i(-19) a composite number?
False
Let m(p) = 22*p - 3. Let q be m(2). Let r = 44 - q. Suppose 5*k = 4*b - 1017, -4*k + 793 = r*b + 38. Is b a composite number?
True
Suppose 2*u + 21111 = -3*k, -2*u - 16*k = -15*k + 21117. Let t = u - -23321. Is t composite?
True
Let w = 20927 - 29442. Let z = 17544 + w. Is z composite?
False
Let b(a) = -72 + 12 - 37 + 1078*a - 37. Is b(4) a prime number?
False
Let v = -17195 - -31368. Is v a prime number?
True
Is (-336)/5880 - 118514/(-70) a composite number?
False
Suppose -6*s + 9*s = -3*m - 84, 0 = -m + s - 28. Is ((-72)/m)/(-6) - (-303144)/21 composite?
True
Let a be (-6)/18*(-60 - 0/2). Is (21595/a)/((-3)/(-12)) a composite number?
True
Suppose -7*k + 26*k = 19209. Suppose 2*z + k = 2489. Is z a prime number?
True
Suppose 0*b + 4*b - 1276 = 0. Let z be b - (-4)/(-3)*-3. Let s = 1212 - z. Is s composite?
True
Suppose h + 1 + 34 = 2*b, -4*b - h = -55. Let a be (3 - 94/(-3))*b. Suppose 5*p - 5780 - a = 0. Is p a composite number?
False
Let o(i) = 3234*i - 32. Let y be o(-4). Let f = -8494 - y. Is f a prime number?
False
Let n(y) = 2 - 22*y**3 + 6*y + 15*y**2 - 15*y**2 - 3. Let o be n(4). Let m = -864 - o. Is m prime?
True
Let l(h) = 30*h**2 - 15*h + 53. Suppose -5*v + 51 = -q, 2*v + 5*q + 9 - 51 = 0. Is l(v) prime?
False
Is 12 + -2 + 231416/8 prime?
False
Let h = -420 - -422. Suppose h*t = 4684 + 534. Is t a prime number?
True
Let i(a) be the second derivative of 61*a**5/20 - a**4/12 + 3*a**3/2 - 4*a**2 + a - 1. Is i(3) a prime number?
True
Let l = -94 + 88. Let d(w) = -8*w**2 + 7*w - 13. Let a(t) = -7*t**2 + 8*t - 12. Let s(y) = -6*a(y) + 5*d(y). Is s(l) a prime number?
True
Is (-14)/21*94566/(-4) a composite number?
False
Suppose 4*n - 9*s = -8*s + 104080, 16 = 4*s. Is n a composite number?
False
Suppose 46*z - 5559333 - 6120113 = 0. Is z composite?
False
Is 9684 + (5 - (-7 + 4 + 3)) prime?
True
Suppose 5*t + 4*o = 163, -23*o + 169 = 5*t - 21*o. Suppose 15*i = t*i - 81820. Is i a composite number?
False
Let q be 66/88 + (-6)/8. Suppose -7*l + 2*l - 2*j + 24299 = q, 9 = -3*j. Is l a prime number?
True
Let z(i) = i**3 - 6*i**2 - 7*i + 7. Let u be z(7). Let m(f) = 4215*f + 110. Is m(u) a composite number?
True
Let h = 25793 + -50462. Is (-2)/8 + 5*h/(-180) a composite number?
True
Suppose 4*k - 3*u - 35168 = 2*u, -4*k = u - 35192. Suppose -2*i - 1619 = -k. Is i prime?
False
Let o = 45318 + -23662. Let r = 34498 - o. Is r composite?
True
Is (8/18)/((32/(-1103859))/(-16)) a prime number?
False
Suppose 0 = 2*h - 0*h - 10. Let v = -288 - -289. Suppose 4 = -k + v, 2*k - 2489 = -h*g. Is g prime?
True
Suppose -52*m = -48*m - c - 499386, 0 = -2*m + 4*c + 249686. Is m a composite number?
False
Let j = 1152196 - 788375. Is j a prime number?
False
Let c = -243 + 247. Suppose 3*n - 2*v = 6994 - 2557, 0 = c*n - v - 5921. Is n a composite number?
False
Is (6574/114)/((-7)/(-861)) prime?
False
Let u(o) = 46*o**2 + o + 27. Let p(c) = 91*c**2 + c + 53. Let t(h) = -3*p(h) + 7*u(h). Let n(y) be the first derivative of t(y). Is n(11) prime?
False
Let g be (-6)/33 - 620/(-22). Let k(c) = 249*c + 69. Is k(g) prime?
False
Let z(q) = 110*q**3 - 109*q**3 + 53*q - 17 + 49*q**2 - 9*q**2. Is z(-30) a composite number?
False
Suppose 63*z - 61*z - 36 = 0. Suppose z = -2*i + 22. Suppose k + 3*f - 1669 = 0, i*k - 2974 = -f + 344. Is k composite?
False
Let z(w) = -4*w**3 - 6*w - 8. Suppose 5 = -6*m - 19. Let s be z(m). Let c = s + -159. Is c composite?
False
Suppose -4*v - 4*u = -48, 3*v - u - 3*u - 29 = 0. Let h(r) be the first derivative of r**4/4 - 11*r**3/3 + 2*r**2 + 9*r - 4. Is h(v) composite?
False
Is 27/(6885/34) + 5177*(-509)/(-15) a composite number?
False
Let a = 124 + -122. Suppose -2*f - t + 1 = 0, -2*f = -t - a*t - 21. Suppose 4*c + s - 4*s - 109 = 0, -c + 16 = f*s. Is c a composite number?
True
Let p = -35 - -33. Let q be (p/(-10))/(-1) + (-39288)/(-40). Suppose -r = -3*j + q, -1012 = -3*j - 0*j - 5*r. Is j composite?
True
Suppose -102*y + 174*y + 195*y = 259716507. Is y a composite number?
False
Let q(x) be the first derivative of 19*x**5/24 - 7*x**4/12 + 26*x**3/3 + 30. Let a(k) be the third derivative of q(k). Is a(9) a composite number?
True
Is 11762 + -3 - (11 + (-24 - -13)) a composite number?
True
Let o = 465893 + -299806. Is o a composite number?
True
Suppose 16*g - 616 = 72. Let r be (1/2)/(2/8956). Suppose g = 2*f - r. Is f composite?
True
Suppose 96 + 148 = 4*a. Suppose a = -5*z - 369. Let b = z - -719. Is b composite?
True
Let a be ((-12)/(-8) - 2)*0. Suppose -3*v = -v - a*v. Suppose v = -5*c + 2701 + 234. Is c a composite number?
False
Suppose 16*i - i = 30. Let u be (-160)/48*3/(-4)*i. Suppose -3976 = -u*f + 69. Is f composite?
False
Suppose 55*p - 59*p = -5*w + 883839, 2*p + 707064 = 4*w. Is w a composite number?
True
Suppose -2*w - 546839 = -2*m + 803589, 0 = -2*m + 3*w + 1350421. Is m a composite number?
False
Let f = -154 + 151. Let w(y) = 55*y**2 + 3*y - 4. Is w(f) composite?
True
Suppose -4 + 0 = 2*c - 3*m, 4*m = -4*c + 32. Suppose -6444 = -c*n + 488. Is n composite?
False
Suppose -o + 0*l + 26 = -3*l, 5*l - 190 = -5*o. Suppose 3*k - o = -32. Let r(y) = 2896*y**3 - 2*y + 3. Is r(k) a prime number?
True
Let t be 34/51 - (-16882)/(-6). Is t/(6 + 14/(-2)) prime?
False
Let n(f) = 674*f + 4421. Is n(34) composite?
False
Is 2 - (4 - (10/55 + 2615246/22)) a prime number?
True
Let r = 142 + -146. Is r - (-7282 - (4 + 1)) a prime number?
True
Let g be (-7)/(-1) + 4